.
13, 59
Let i be 6*(-10)/(-15) - (-6)/(-2). Let c be i/((5 - 8) + 2). What are the prime factors of -1 - c/((8/316)/2)?
2, 3, 13
Let n be 17100/(-21) + (-13)/((-455)/10). Let s = -805 - n. List the prime factors of s.
3
Let q(l) = -l**3 - l**2 + 13*l + 23. Let r(c) = 4*c + 6. Let f be r(-3). Let s be q(f). Suppose o - s - 35 = 0. What are the prime factors of o?
2, 5
Let n = -49 + 56. Let q be (-10 + n)/((-1)/1). What are the prime factors of q/(-2) - (-45)/2?
3, 7
Suppose 18038 = 4*b + 2*j, 8*j + 13511 = 3*b + 6*j. Suppose 15763 = 42*o + b. List the prime factors of o.
2, 67
Suppose 4*m - 3*m + d - 25 = 0, d = -4*m + 115. Let n = 1261 - m. List the prime factors of n.
1231
Suppose -36172 = -42*n + 75590. Suppose 20*j = 1919 + n. List the prime factors of j.
229
Let j(r) = 4*r - 17 + 15 - r**2 + 7 + 4*r. Let x be j(8). Suppose -x*p + 91 + 184 = 0. What are the prime factors of p?
5, 11
Suppose -10 = -3*y - l + 2*l, 20 = 3*y + l. Suppose -y*r - 2*z - 132 = -8*r, 88 = 2*r + z. What are the prime factors of r?
2, 11
Let c be (16/3 + -2)/((-6)/(-9)). Suppose -c*o + 1997 = -1363. Suppose 0 = 6*g + g - o. List the prime factors of g.
2, 3
Let d(u) = -u**2 - 4*u + 2. Let q be d(-7). Let g be (-3)/9*(q + 1). What are the prime factors of g/4 + (-3370)/(-20)?
2, 5, 17
Let j = 38 - 20. Suppose -26*z + 25*z + 20 = 0. Suppose z*u - 132 = j*u. What are the prime factors of u?
2, 3, 11
Suppose -2*z = -4*c - 51058, 5*z - c = 216573 - 88901. List the prime factors of z.
5, 5107
Let f = 62 + -61. Let b be ((-6)/(-1 + -2) - f) + 2. List the prime factors of -21*(b/(-4))/((-27)/(-48)).
2, 7
Let y(r) = -r**2 + 45*r - 231. Let q be y(25). Let w = 832 + q. List the prime factors of w.
3, 367
Suppose 5*r - 174 = -154, -2*u + 10662 = 3*r. What are the prime factors of u?
3, 5, 71
Let b be (-1 - (-2467)/3) + (-8)/24. Suppose 4*h - 265 = 4*p - b, 4*p - h = 550. Suppose 4*d - 277 = -5*l + 370, -l = -3*d - p. List the prime factors of l.
131
Let k(d) = 259*d**2 - d - 10. Let m be k(-3). Let o be (-2)/3 + m/21. Suppose -5*p - 5*n = -565, -5*n = p - 3*n - o. List the prime factors of p.
2, 29
Let h(y) = 558*y + 109. Let r be h(10). Suppose 7616 = 15*m - r. What are the prime factors of m?
887
Let f be (-4272)/32*24/3. Let h = 2032 + f. What are the prime factors of h?
2, 241
Let s = -24 - 53. Let f = s - -80. Suppose 2*i + f*i - 3*a = 269, -263 = -5*i + a. List the prime factors of i.
2, 13
What are the prime factors of ((-3)/60)/(21/(-315))*2*2038?
3, 1019
Let k = 17604 + -8825. What are the prime factors of k?
8779
Suppose -34*o + 140*o = 30104. List the prime factors of o.
2, 71
Let j = -7761 + 11902. Suppose 3*z = -5*g + j, -2002 - 3526 = -4*z - 5*g. List the prime factors of z.
19, 73
Suppose 0 = 6*x + 282 - 312. List the prime factors of (311/x + 1)*145/58.
2, 79
List the prime factors of 15444 + -85 - 1*7.
2, 19, 101
Let r(g) be the first derivative of -17*g**4/4 + 2*g**3/3 - 3*g**2/2 + 17. Let u be r(1). What are the prime factors of (-424)/(-6) - 6/u?
71
Let g be (-6)/(-2) - (7*7 + 2). What are the prime factors of (-6)/(-16) - (6798/g - -5)?
137
What are the prime factors of (760/(-56) + 17 - 12)/((-2)/3122)?
2, 3, 5, 223
Let a(y) = y**2 - 10*y + 24. Let j be a(7). Suppose 4*u = j*v - 308, -2*u = 4*v + 164 + 12. Let t = 167 + u. List the prime factors of t.
3, 29
Let w be 4/(-42) - 1878045/(-819). Let l = w + -824. List the prime factors of l.
13, 113
Suppose -8*x = -61 - 691. Suppose 2136 = x*j - 88*j. List the prime factors of j.
2, 89
Let r(j) = -92*j**3 + 62*j**2 + 289*j + 1. List the prime factors of r(-9).
2, 5, 6949
Let u = 1500 - 5880. Suppose 3*c = -w - w + 4, -4*c = -2*w + 18. What are the prime factors of ((c/5)/1)/(12/u)?
2, 73
Suppose 55 = -3*r + 5*x, -5*r - 3*x - 89 = -20. Let j be (-3)/(r/(-2))*10 + 451. Suppose 4*f = f + j. What are the prime factors of f?
149
Let h be (52/(-65))/((-4)/90). Suppose 32*f = h*f + 11718. List the prime factors of f.
3, 31
Let f be 4*(-2)/4 - -2. Suppose 4*k - k - 297 = f. Suppose -192 = -3*r + k. What are the prime factors of r?
97
Let z(t) = 21*t - 175. Let k(i) = i + 5. Let q(v) = 2*k(v) + z(v). List the prime factors of q(30).
3, 5, 7
Let i = 6657 - 3771. Let g = i - 1875. What are the prime factors of g?
3, 337
Let l(z) = 140*z**2 + z - 4. Let p be l(2). Let o = -314 + p. What are the prime factors of o?
2, 61
Let y(p) = p**2 - 8*p - 29. Let t be y(-3). Suppose t*j + 3*b = 352, -4*j + 2*b + b = -328. List the prime factors of j.
5, 17
Let w(x) = -18*x + 61. Let n be w(-9). Suppose 5*g - 1115 = v, 2*v = -g - v + n. What are the prime factors of g?
223
Suppose -2*w = -7*w + 10, 5*w = 4*r - 32294. What are the prime factors of r?
2, 3, 673
Let u(v) = v - 8. Let j(i) = -15*i + 198. Let p(b) = -j(b) + 6*u(b). List the prime factors of p(26).
2, 3, 5
Suppose -6*o - 200 = -11*o. Let k = o + 59. What are the prime factors of k?
3, 11
Suppose 35*d - 121*d = 57*d - 67067. What are the prime factors of d?
7, 67
List the prime factors of 12/(-36) + (-68966)/(-6) + 4.
2, 5749
Suppose 0 = z - z - z. Suppose s - b + z = -1, 0 = 3*b - 9. Let l = s + 7. What are the prime factors of l?
3
What are the prime factors of 9/(-24) - 2336061/(-312)?
7487
Let b = 23 - 26. List the prime factors of 2672/((-11 + b)/(-7)).
2, 167
Suppose -129393 = -8*w - 35073. What are the prime factors of w?
2, 3, 5, 131
Let y(b) = 37*b**3 - 14*b**2 - 78*b + 957. What are the prime factors of y(10)?
7, 19, 269
Let n = 44027 - 29317. What are the prime factors of n?
2, 5, 1471
Suppose -42*r - 25561 = -47*r + 3*v, -3*v + 9 = 0. List the prime factors of r.
2, 2557
Suppose -4*n - 8 = 4*k, 0 = 3*k + k - n - 12. Suppose -61 = -h + 3*t - 2*t, 2*h + k*t - 134 = 0. Suppose -14*g = -16*g + h. List the prime factors of g.
2
Let x = 5931 - 591. What are the prime factors of x?
2, 3, 5, 89
Suppose 4*z - 96*b + 93*b = 10959, 10977 = 4*z + 3*b. What are the prime factors of z?
2, 3, 457
List the prime factors of (66 - 69)*(-23459)/3.
23459
Suppose -178*o + 3500 = -192*o. Let n(h) = 130*h**2 + h + 1. Let u be n(2). Let c = o + u. What are the prime factors of c?
3, 7, 13
What are the prime factors of -4 + (17 - 8 - -12726)?
29, 439
Suppose 0 = -8*k + 268 + 44. Suppose 46*h = k*h + 273. List the prime factors of h.
3, 13
Let g be -1 + ((-34)/(-1))/(11/(-66)). Let k = g - -1697. List the prime factors of k.
2, 373
Let z(l) = l**2 + 2*l - 5. Let u be z(-5). Suppose 0 = 4*g - 3*k - u + 2, 6 = -2*g + 4*k. Let i(m) = 17*m + 1. List the prime factors of i(g).
2, 43
What are the prime factors of 40180/8 - (-1 - 3)/8?
5023
Let d(a) = a**3 + 2*a**2 - 39*a - 9. Suppose -90 = -17*j + 7*j. What are the prime factors of d(j)?
3, 59
Suppose -4*v = 3*s - 1602, 4*s - 3*v - 2136 = -0*v. Let l = -129 + s. List the prime factors of l.
3, 5
What are the prime factors of 46403/14*(-15 - -19)?
2, 7, 947
Let j be 4*(-7)/42 + 124/6. List the prime factors of (-8)/j - ((-12635)/25 - -4).
3, 167
Let q be 8/(-24)*-6 + 70/(-2). Let l = 46 + q. Suppose -l*z = -8*z - 1005. What are the prime factors of z?
3, 67
Suppose 8*c - 2946 = 129166. Suppose 0 = -52*u + 27530 + c. What are the prime factors of u?
7, 11
Suppose -20*i + 99991 + 32366 = -60363. What are the prime factors of i?
2, 3, 11, 73
Let x = 118 + -19. What are the prime factors of x/(-2)*2074/(-183)?
3, 11, 17
Suppose 4*r = -238 + 138. Let q(j) = -9*j - 30. What are the prime factors of q(r)?
3, 5, 13
Suppose -4 = 2*l - 4*l. List the prime factors of -6*l/3 + 174.
2, 5, 17
Let i(u) = 313*u**2 + 1. Let s = -55 - -54. Let y be i(s). Let o = y + -151. What are the prime factors of o?
163
What are the prime factors of 3/(60/100)*(-2 + 2 + 1445)?
5, 17
Suppose -l = 2*d - 45452, -479*d + 476*d - 3*l + 68184 = 0. List the prime factors of d.
2, 13, 19, 23
Suppose -107299 + 116342 - 389841 = -22*s. What are the prime factors of s?
19, 911
Let q(i) = -34*i - 3. Let h(g) = -33*g - 3. Let p(u) = -6*h(u) + 5*q(u). Let x = 6 + -1. What are the prime factors of p(x)?
11, 13
Suppose -f + 1291 = -3*z - 2178, -2*f + 6954 = -2*z. What are the prime factors of f?
59
Let y be (181 - -5) + 2 - 5. Suppose -y*j + 182*j + 1571 = 0. List the prime factors of j.
1571
Let y be (2 + -3)/(-17 + 18). Let n(r) = -1179*r**3 + 3*r**2 - 9*r - 8. List the prime factors